{"id":159,"date":"2018-03-12T09:27:24","date_gmt":"2018-03-12T09:27:24","guid":{"rendered":"https:\/\/esprodouro.com\/\/?page_id=159"},"modified":"2019-03-01T17:04:38","modified_gmt":"2019-03-01T17:04:38","slug":"modelo-pedagogico","status":"publish","type":"page","link":"https:\/\/esprodouro.com\/en\/modelo-pedagogico\/","title":{"rendered":"Modelo Pedag\u00f3gico"},"content":{"rendered":"<p><strong>O novo modelo pedag\u00f3gico AB@PINTA est\u00e1 a ser implementado nesta escola desde 2018.\u00a0<\/strong><\/p>\n<p>O documento do novo Projeto Educativo est\u00e1 a ser constru\u00eddo, at\u00e9 l\u00e1, poder\u00e1 visualizar o projeto educativo em vigor <a href=\"https:\/\/esprodouro.com\/\/wp-content\/uploads\/2019\/02\/PE_17_20.pdf\">aqui<\/a>.<\/p>","protected":false},"excerpt":{"rendered":"<p>O novo modelo pedag\u00f3gico AB@PINTA est\u00e1 a ser implementado nesta escola desde 2018.\u00a0 O documento do novo Projeto Educativo est\u00e1 a ser constru\u00eddo, at\u00e9 l\u00e1, poder\u00e1 visualizar o projeto educativo em vigor aqui.<\/p>","protected":false},"author":267,"featured_media":0,"parent":0,"menu_order":0,"comment_status":"closed","ping_status":"closed","template":"","meta":{"slim_seo":{"title":"Modelo Pedag\u00f3gico - ESPRODOURO","description":"O novo modelo pedag\u00f3gico AB@PINTA est\u00e1 a ser implementado nesta escola desde 2018.\u00a0 O documento do novo Projeto Educativo est\u00e1 a ser constru\u00eddo, at\u00e9 l\u00e1, poder\u00e1"},"footnotes":""},"class_list":["post-159","page","type-page","status-publish","hentry"],"blocksy_meta":{"styles_descriptor":{"styles":{"desktop":"","tablet":"","mobile":""},"google_fonts":[],"version":6}},"_links":{"self":[{"href":"https:\/\/esprodouro.com\/en\/wp-json\/wp\/v2\/pages\/159","targetHints":{"allow":["GET"]}}],"collection":[{"href":"https:\/\/esprodouro.com\/en\/wp-json\/wp\/v2\/pages"}],"about":[{"href":"https:\/\/esprodouro.com\/en\/wp-json\/wp\/v2\/types\/page"}],"author":[{"embeddable":true,"href":"https:\/\/esprodouro.com\/en\/wp-json\/wp\/v2\/users\/267"}],"replies":[{"embeddable":true,"href":"https:\/\/esprodouro.com\/en\/wp-json\/wp\/v2\/comments?post=159"}],"version-history":[{"count":0,"href":"https:\/\/esprodouro.com\/en\/wp-json\/wp\/v2\/pages\/159\/revisions"}],"wp:attachment":[{"href":"https:\/\/esprodouro.com\/en\/wp-json\/wp\/v2\/media?parent=159"}],"curies":[{"name":"wp","href":"https:\/\/api.w.org\/{rel}","templated":true}]}}

Modelo Pedagógico

<p><strong>O novo modelo pedagógico AB@PINTA está a ser implementado nesta escola desde 2018. </strong></p>
<p>O documento do novo Projeto Educativo está a ser construído, até lá, poderá visualizar o projeto educativo em vigor <a href="https://esprodouro.com//wp-content/uploads/2019/02/PE_17_20.pdf">aqui</a>.</p>

<p>O novo modelo pedagógico AB@PINTA está a ser implementado nesta escola desde 2018.  O documento do novo Projeto Educativo está a ser construído, até lá, poderá visualizar o projeto educativo em vigor aqui.</p>

Modelo Pedagógico - ESPRODOURO

O novo modelo pedagógico AB@PINTA está a ser implementado nesta escola desde 2018.  O documento do novo Projeto Educativo está a ser construído, até lá, poderá
